 is the remainder when 54 is divided by 11?
10
What is the remainder when 2890 is divided by 42?
34
What is the remainder when 3864 is divided by 296?
16
What is the remainder when 129 is divided by 11?
8
Calculate the remainder when 261 is divided by 91.
79
What is the remainder when 4507 is divided by 1125?
7
Calculate the remainder when 343 is divided by 36.
19
Calculate the remainder when 228 is divided by 50.
28
Calculate the remainder when 2211 is divided by 9.
6
What is the remainder when 190 is divided by 16?
14
Calculate the remainder when 913 is divided by 864.
49
Calculate the remainder when 166 is divided by 161.
5
Calculate the remainder when 222 is divided by 17.
1
Calculate the remainder when 64 is divided by 13.
12
Calculate the remainder when 244 is divided by 29.
12
Calculate the remainder when 276 is divided by 93.
90
Calculate the remainder when 433 is divided by 133.
34
Calculate the remainder when 226 is divided by 69.
19
Calculate the remainder when 7428 is divided by 928.
4
Calculate the remainder when 997 is divided by 982.
15
Calculate the remainder when 26133 is divided by 33.
30
Calculate the remainder when 1938 is divided by 323.
0
Calculate the remainder when 411 is divided by 46.
43
What is the remainder when 669 is divided by 332?
5
Calculate the remainder when 1043 is divided by 215.
183
What is the remainder when 751 is divided by 13?
10
Calculate the remainder when 529 is divided by 77.
67
Calculate the remainder when 1153 is divided by 151.
96
Calculate the remainder when 249 is divided by 36.
33
What is the remainder when 44 is divided by 20?
4
Calculate the remainder when 122 is divided by 25.
22
Calculate the remainder when 18849 is divided by 50.
49
What is the remainder when 133 is divided by 43?
4
What is the remainder when 1340 is divided by 279?
224
Calculate the remainder when 1565 is divided by 1539.
26
What is the remainder when 199 is divided by 65?
4
What is the remainder when 42 is divided by 9?
6
Calculate the remainder when 186 is divided by 19.
15
Calculate the remainder when 1296 is divided by 59.
57
What is the remainder when 178 is divided by 24?
10
What is the remainder when 536 is divided by 48?
8
What is the remainder when 9140 is divided by 11?
10
Calculate the remainder when 19490 is divided by 57.
53
What is the remainder when 4796 is divided by 98?
92
What is the remainder when 4911 is divided by 6?
3
Calculate the remainder when 141 is divided by 37.
30
Calculate the remainder when 86 is divided by 30.
26
Calculate the remainder when 301 is divided by 16.
13
Calculate the remainder when 494 is divided by 101.
90
What is the remainder when 2575 is divided by 641?
11
Calculate the remainder when 255 is divided by 92.
71
What is the remainder when 2181 is divided by 115?
111
Calculate the remainder when 629 is divided by 17.
0
Calculate the remainder when 63 is divided by 36.
27
Calculate the remainder when 1846 is divided by 56.
54
Calculate the remainder when 81747 is divided by 191.
190
What is the remainder when 7061 is divided by 186?
179
Calculate the remainder when 5945 is divided by 17.
12
What is the remainder when 172 is divided by 46?
34
What is the remainder when 1974 is divided by 283?
276
Calculate the remainder when 3003 is divided by 6.
3
What is the remainder when 99 is divided by 91?
8
Calculate the remainder when 7244 is divided by 2409.
17
Calculate the remainder when 163 is divided by 41.
40
What is the remainder when 125 is divided by 22?
15
What is the remainder when 590 is divided by 64?
14
What is the remainder when 1141 is divided by 52?
49
Calculate the remainder when 39 is divided by 10.
9
What is the remainder when 19757 is divided by 20?
17
Calculate the remainder when 827 is divided by 813.
14
What is the remainder when 80 is divided by 52?
28
What is the remainder when 1043 is divided by 259?
7
What is the remainder when 339 is divided by 15?
9
What is the remainder when 3361 is divided by 57?
55
What is the remainder when 2337 is divided by 195?
192
What is the remainder when 67 is divided by 14?
11
What is the remainder when 656 is divided by 316?
24
What is the remainder when 566 is divided by 134?
30
Calculate the remainder when 2651 is divided by 189.
5
Calculate the remainder when 193 is divided by 6.
1
Calculate the remainder when 1677 is divided by 141.
126
What is the remainder when 3457 is divided by 61?
41
What is the remainder when 1021 is divided by 118?
77
What is the remainder when 762 is divided by 16?
10
What is the remainder when 107 is divided by 28?
23
Calculate the remainder when 206 is divided by 6.
2
Calculate the remainder when 55 is divided by 14.
13
Calculate the remainder when 2040 is divided by 28.
24
What is the remainder when 2140 is divided by 164?
8
Calculate the remainder when 2717 is divided by 68.
65
What is the remainder when 503 is divided by 21?
20
Calculate the remainder when 9435 is divided by 3142.
9
Calculate the remainder when 8 is divided by 4.
0
Calculate the remainder when 4008 is divided by 265.
33
Calculate the remainder when 292 is divided by 82.
46
What is the remainder when 21 is divided by 5?
1
What is the remainder when 1455 is divided by 18?
15
Calculate the remainder when 591 is divided by 22.
19
What is the remainder when 1152 is divided by 20?
12
Calculate the remainder when 242 is divided by 95.
52
What is the remainder when 947 is divided by 119?
114
What is the remainder when 10 is divided by 4?
2
Calculate the remainder when 315 is divided by 65.
55
Calculate the remainder when 91 is divided by 27.
10
Calculate the remainder when 4697 is divided by 10.
7
Calculate the remainder when 219 is divided by 77.
65
Calculate the remainder when 1432 is divided by 89.
8
What is the remainder when 128 is divided by 26?
24
Calculate the remainder when 2421 is divided by 484.
1
What is the remainder when 3328 is divided by 111?
109
What is the remainder when 1518 is divided by 263?
203
Calculate the remainder when 114 is divided by 41.
32
Calculate the remainder when 33 is divided by 33.
0
Calculate the remainder when 732 is divided by 77.
39
What is the remainder when 926 is divided by 189?
170
What is the remainder when 15135 is divided by 176?
175
What is the remainder when 311 is divided by 307?
4
Calculate the remainder when 1146 is divided by 378.
12
Calculate the remainder when 7439 is divided by 7436.
3
Calculate the remainder when 4497 is divided by 60.
57
What is the remainder when 31834 is divided by 28?
26
What is the remainder when 77 is divided by 10?
7
Calculate the remainder when 1405 is divided by 70.
5
What is the remainder when 25 is divided by 13?
12
What is the remainder when 716 is divided by 17?
2
What is the remainder when 236 is divided by 83?
70
What is the remainder when 641 is divided by 213?
2
What is the remainder when 35214 is divided by 117?
114
Calculate the remainder when 131 is divided by 11.
10
What is the remainder when 2831 is divided by 469?
17
What is the remainder when 64 is divided by 17?
13
What is the remainder when 227 is divided by 206?
21
What is the remainder when 215 is divided by 37?
30
Calculate the remainder when 193 is divided by 51.
40
Calculate the remainder when 1783 is divided by 85.
83
What is the remainder when 333 is divided by 6?
3
Calculate the remainder when 56 is divided by 13.
4
What is the remainder when 424 is divided by 25?
24
Calculate the remainder when 164 is divided by 14.
10
What is the remainder when 795 is divided by 46?
13
What is the remainder when 205 is divided by 100?
5
What is the remainder when 774 is divided by 21?
18
What is the remainder when 7767 is divided by 116?
111
Calculate the remainder when 5939 is divided by 30.
29
What is the remainder when 2357 is divided by 58?
37
Calculate the remainder when 4067 is divided by 10.
7
What is the remainder when 366 is divided by 9?
6
Calculate the remainder when 2474 is divided by 85.
9
What is the remainder when 647 is divided by 24?
23
Calculate the remainder when 174 is divided by 44.
42
What is the remainder when 231 is divided by 8?
7
Calculate the remainder when 143 is divided by 55.
33
Calculate the remainder when 3065 is divided by 6.
5
What is the remainder when 7